{"id":480,"date":"2023-01-06T14:16:36","date_gmt":"2023-01-06T14:16:36","guid":{"rendered":"https:\/\/energi-trening.no\/laksevag\/om-oss-2\/"},"modified":"2023-01-16T21:59:48","modified_gmt":"2023-01-16T21:59:48","slug":"om-oss","status":"publish","type":"page","link":"https:\/\/energi-trening.no\/laksevag\/om-oss\/","title":{"rendered":"Om oss"},"content":{"rendered":"\t\t<div data-elementor-type=\"wp-page\" data-elementor-id=\"480\" class=\"elementor elementor-480\" data-elementor-post-type=\"page\">\n\t\t\t\t\t\t<section data-particle_enable=\"false\" data-particle-mobile-disabled=\"false\" class=\"elementor-section elementor-top-section elementor-element elementor-element-7649e141 elementor-section-boxed elementor-section-height-default elementor-section-height-default\" data-id=\"7649e141\" data-element_type=\"section\" data-e-type=\"section\" data-settings=\"{&quot;background_background&quot;:&quot;classic&quot;}\">\n\t\t\t\t\t\t\t<div class=\"elementor-background-overlay\"><\/div>\n\t\t\t\t\t\t\t<div class=\"elementor-container elementor-column-gap-no\">\n\t\t\t\t\t<div class=\"elementor-column elementor-col-50 elementor-top-column elementor-element elementor-element-18d660b6\" data-id=\"18d660b6\" data-element_type=\"column\" data-e-type=\"column\">\n\t\t\t<div class=\"elementor-widget-wrap elementor-element-populated\">\n\t\t\t\t\t\t<div class=\"elementor-element elementor-element-b2c6002 elementor-widget elementor-widget-breadcrumbs\" data-id=\"b2c6002\" data-element_type=\"widget\" data-e-type=\"widget\" data-widget_type=\"breadcrumbs.default\">\n\t\t\t\t<div class=\"elementor-widget-container\">\n\t\t\t\t\t<p id=\"breadcrumbs\"><span><span><a href=\"https:\/\/energi-trening.no\/laksevag\/\">Hjem<\/a><\/span><\/span><\/p>\t\t\t\t<\/div>\n\t\t\t\t<\/div>\n\t\t\t\t<div class=\"elementor-element elementor-element-5d761455 elementor-widget elementor-widget-heading\" data-id=\"5d761455\" data-element_type=\"widget\" data-e-type=\"widget\" data-widget_type=\"heading.default\">\n\t\t\t\t<div class=\"elementor-widget-container\">\n\t\t\t\t\t<h1 class=\"elementor-heading-title elementor-size-default\">Om oss<\/h1>\t\t\t\t<\/div>\n\t\t\t\t<\/div>\n\t\t\t\t<div class=\"elementor-element elementor-element-3b1a7c8d elementor-widget__width-initial elementor-widget-tablet__width-inherit elementor-widget elementor-widget-text-editor\" data-id=\"3b1a7c8d\" data-element_type=\"widget\" data-e-type=\"widget\" data-widget_type=\"text-editor.default\">\n\t\t\t\t<div class=\"elementor-widget-container\">\n\t\t\t\t\t\t\t\t\t<p>Du finner oss lett tilgjengelig i underetasjen p\u00e5 Laksev\u00e5g Senter. Du kan benytte hele senterets parkering, og det er rikelig med gratis parkeringsplasser under tak. \u00d8nsker du \u00e5 benytte <span class=\"il\">andre<\/span>\u00a0tjenester p\u00e5 Laksev\u00e5g\u00a0Senter beh\u00f8ver du ikke \u00e5 flytte bilen.<\/p>\t\t\t\t\t\t\t\t<\/div>\n\t\t\t\t<\/div>\n\t\t\t\t\t<\/div>\n\t\t<\/div>\n\t\t\t\t<div class=\"elementor-column elementor-col-50 elementor-top-column elementor-element elementor-element-6b843f30\" data-id=\"6b843f30\" data-element_type=\"column\" data-e-type=\"column\">\n\t\t\t<div class=\"elementor-widget-wrap elementor-element-populated\">\n\t\t\t\t\t\t<div class=\"elementor-element elementor-element-345ac24f elementor-hidden-desktop elementor-widget elementor-widget-image\" data-id=\"345ac24f\" data-element_type=\"widget\" data-e-type=\"widget\" data-widget_type=\"image.default\">\n\t\t\t\t<div class=\"elementor-widget-container\">\n\t\t\t\t\t\t\t\t\t\t\t\t\t\t\t<img fetchpriority=\"high\" decoding=\"async\" width=\"1170\" height=\"1425\" src=\"https:\/\/energi-trening.no\/laksevag\/wp-content\/uploads\/sites\/4\/2023\/01\/Bilde-08.02.2022-12-39-27.jpg\" class=\"attachment-full size-full wp-image-621\" alt=\"\" srcset=\"https:\/\/energi-trening.no\/laksevag\/wp-content\/uploads\/sites\/4\/2023\/01\/Bilde-08.02.2022-12-39-27.jpg 1170w, https:\/\/energi-trening.no\/laksevag\/wp-content\/uploads\/sites\/4\/2023\/01\/Bilde-08.02.2022-12-39-27-246x300.jpg 246w, https:\/\/energi-trening.no\/laksevag\/wp-content\/uploads\/sites\/4\/2023\/01\/Bilde-08.02.2022-12-39-27-841x1024.jpg 841w, https:\/\/energi-trening.no\/laksevag\/wp-content\/uploads\/sites\/4\/2023\/01\/Bilde-08.02.2022-12-39-27-768x935.jpg 768w\" sizes=\"(max-width: 1170px) 100vw, 1170px\" \/>\t\t\t\t\t\t\t\t\t\t\t\t\t\t\t<\/div>\n\t\t\t\t<\/div>\n\t\t\t\t\t<\/div>\n\t\t<\/div>\n\t\t\t\t\t<\/div>\n\t\t<\/section>\n\t\t\t\t<section data-particle_enable=\"false\" data-particle-mobile-disabled=\"false\" class=\"elementor-section elementor-top-section elementor-element elementor-element-7b2c28a4 elementor-section-full_width elementor-hidden-tablet elementor-hidden-mobile elementor-section-height-default elementor-section-height-default\" data-id=\"7b2c28a4\" data-element_type=\"section\" data-e-type=\"section\" data-settings=\"{&quot;background_background&quot;:&quot;classic&quot;}\">\n\t\t\t\t\t\t<div class=\"elementor-container elementor-column-gap-no\">\n\t\t\t\t\t<div class=\"elementor-column elementor-col-100 elementor-top-column elementor-element elementor-element-29e50368\" data-id=\"29e50368\" data-element_type=\"column\" data-e-type=\"column\">\n\t\t\t<div class=\"elementor-widget-wrap elementor-element-populated\">\n\t\t\t\t\t\t<div class=\"elementor-element elementor-element-dde2845 elementor-widget__width-auto elementor-absolute elementor-widget elementor-widget-image\" data-id=\"dde2845\" data-element_type=\"widget\" data-e-type=\"widget\" data-settings=\"{&quot;_position&quot;:&quot;absolute&quot;}\" data-widget_type=\"image.default\">\n\t\t\t\t<div class=\"elementor-widget-container\">\n\t\t\t\t\t\t\t\t\t\t\t\t\t\t\t<img decoding=\"async\" width=\"392\" height=\"577\" src=\"https:\/\/energi-trening.no\/laksevag\/wp-content\/uploads\/sites\/4\/2023\/01\/about-shape-min.png\" class=\"attachment-full size-full wp-image-452\" alt=\"\" srcset=\"https:\/\/energi-trening.no\/laksevag\/wp-content\/uploads\/sites\/4\/2023\/01\/about-shape-min.png 392w, https:\/\/energi-trening.no\/laksevag\/wp-content\/uploads\/sites\/4\/2023\/01\/about-shape-min-204x300.png 204w\" sizes=\"(max-width: 392px) 100vw, 392px\" \/>\t\t\t\t\t\t\t\t\t\t\t\t\t\t\t<\/div>\n\t\t\t\t<\/div>\n\t\t\t\t\t<\/div>\n\t\t<\/div>\n\t\t\t\t\t<\/div>\n\t\t<\/section>\n\t\t\t\t<section data-particle_enable=\"false\" data-particle-mobile-disabled=\"false\" class=\"elementor-section elementor-top-section elementor-element elementor-element-1d33557a elementor-section-boxed elementor-section-height-default elementor-section-height-default\" data-id=\"1d33557a\" data-element_type=\"section\" data-e-type=\"section\" data-settings=\"{&quot;background_background&quot;:&quot;gradient&quot;}\">\n\t\t\t\t\t\t<div class=\"elementor-container elementor-column-gap-no\">\n\t\t\t\t\t<div class=\"elementor-column elementor-col-100 elementor-top-column elementor-element elementor-element-51b5baf3\" data-id=\"51b5baf3\" data-element_type=\"column\" data-e-type=\"column\">\n\t\t\t<div class=\"elementor-widget-wrap elementor-element-populated\">\n\t\t\t\t\t\t<div class=\"elementor-element elementor-element-3f6d5a2c elementor-widget elementor-widget-text-editor\" data-id=\"3f6d5a2c\" data-element_type=\"widget\" data-e-type=\"widget\" data-widget_type=\"text-editor.default\">\n\t\t\t\t<div class=\"elementor-widget-container\">\n\t\t\t\t\t\t\t\t\tBla nedover\t\t\t\t\t\t\t\t<\/div>\n\t\t\t\t<\/div>\n\t\t\t\t<div class=\"elementor-element elementor-element-5b12b060 animating-down-arrow elementor-view-default elementor-widget elementor-widget-icon\" data-id=\"5b12b060\" data-element_type=\"widget\" data-e-type=\"widget\" data-widget_type=\"icon.default\">\n\t\t\t\t<div class=\"elementor-widget-container\">\n\t\t\t\t\t\t\t<div class=\"elementor-icon-wrapper\">\n\t\t\t<a class=\"elementor-icon\" href=\"#anchor\">\n\t\t\t<svg xmlns=\"http:\/\/www.w3.org\/2000\/svg\" width=\"26\" height=\"31\" viewBox=\"0 0 26 31\" fill=\"none\"><path opacity=\"0.75\" d=\"M3 18.5325L13 28.5325L23 18.5325\" stroke=\"black\" stroke-width=\"3\" stroke-linecap=\"square\" stroke-linejoin=\"round\"><\/path><path opacity=\"0.5\" d=\"M3 10.5325L13 20.5325L23 10.5325\" stroke=\"black\" stroke-width=\"3\" stroke-linecap=\"square\" stroke-linejoin=\"round\"><\/path><path opacity=\"0.25\" d=\"M3 2.57581L13 12.5758L23 2.57581\" stroke=\"black\" stroke-width=\"3\" stroke-linecap=\"square\" stroke-linejoin=\"round\"><\/path><\/svg>\t\t\t<\/a>\n\t\t<\/div>\n\t\t\t\t\t\t<\/div>\n\t\t\t\t<\/div>\n\t\t\t\t<div class=\"elementor-element elementor-element-46867a5b elementor-widget__width-initial elementor-widget-tablet__width-inherit elementor-widget elementor-widget-heading\" data-id=\"46867a5b\" data-element_type=\"widget\" data-e-type=\"widget\" id=\"anchor\" data-widget_type=\"heading.default\">\n\t\t\t\t<div class=\"elementor-widget-container\">\n\t\t\t\t\t<h2 class=\"elementor-heading-title elementor-size-default\">Andre senteret i kjeden<\/h2>\t\t\t\t<\/div>\n\t\t\t\t<\/div>\n\t\t\t\t<div class=\"elementor-element elementor-element-221c979c elementor-widget elementor-widget-text-editor\" data-id=\"221c979c\" data-element_type=\"widget\" data-e-type=\"widget\" data-widget_type=\"text-editor.default\">\n\t\t\t\t<div class=\"elementor-widget-container\">\n\t\t\t\t\t\t\t\t\t<p>I mars 2012 \u00e5penet vi d\u00f8rene p\u00e5 Laksev\u00e5g. Med fokus p\u00e5 trivsel, frisk luft og et godt treningstilbud \u00f8nsket vi befolkningen i Bergen velkommen. P\u00e5 Laksev\u00e5g tilbyr vi alt fra egentrening p\u00e5 i lokaler godt utrustet med moderne treningsutstyr, s\u00e5 vel som gruppetrening og PT. Velkommen til oss!<\/p>\t\t\t\t\t\t\t\t<\/div>\n\t\t\t\t<\/div>\n\t\t\t\t\t<\/div>\n\t\t<\/div>\n\t\t\t\t\t<\/div>\n\t\t<\/section>\n\t\t\t\t<section data-particle_enable=\"false\" data-particle-mobile-disabled=\"false\" class=\"elementor-section elementor-top-section elementor-element elementor-element-13642a97 elementor-reverse-tablet elementor-reverse-mobile elementor-section-boxed elementor-section-height-default elementor-section-height-default\" data-id=\"13642a97\" data-element_type=\"section\" data-e-type=\"section\" data-settings=\"{&quot;background_background&quot;:&quot;classic&quot;}\">\n\t\t\t\t\t\t<div class=\"elementor-container elementor-column-gap-no\">\n\t\t\t\t\t<div class=\"elementor-column elementor-col-50 elementor-top-column elementor-element elementor-element-44d95146\" data-id=\"44d95146\" data-element_type=\"column\" data-e-type=\"column\">\n\t\t\t<div class=\"elementor-widget-wrap elementor-element-populated\">\n\t\t\t\t\t\t<div class=\"elementor-element elementor-element-104534f8 elementor-widget__width-initial elementor-widget-tablet__width-inherit elementor-widget elementor-widget-heading\" data-id=\"104534f8\" data-element_type=\"widget\" data-e-type=\"widget\" data-widget_type=\"heading.default\">\n\t\t\t\t<div class=\"elementor-widget-container\">\n\t\t\t\t\t<h2 class=\"elementor-heading-title elementor-size-default\">Vi har det du trenger for \u00e5 komme deg i form<\/h2>\t\t\t\t<\/div>\n\t\t\t\t<\/div>\n\t\t\t\t<div class=\"elementor-element elementor-element-cd646d7 elementor-widget__width-initial elementor-widget-tablet__width-inherit elementor-widget elementor-widget-text-editor\" data-id=\"cd646d7\" data-element_type=\"widget\" data-e-type=\"widget\" data-widget_type=\"text-editor.default\">\n\t\t\t\t<div class=\"elementor-widget-container\">\n\t\t\t\t\t\t\t\t\t<p>For \u00e5 holde prisene lave holder vi fokus p\u00e5 plasseffektive lokaler. Vi tilbyr derfor ikke ting som barnepass, spa, badstue eller store resepsjons arealer. \u2013 Hvorfor betale for ting du gjerne ikke benytter likevel.<\/p>\t\t\t\t\t\t\t\t<\/div>\n\t\t\t\t<\/div>\n\t\t\t\t<div class=\"elementor-element elementor-element-59456ee1 elementor-widget__width-initial elementor-widget-tablet__width-inherit elementor-widget elementor-widget-text-editor\" data-id=\"59456ee1\" data-element_type=\"widget\" data-e-type=\"widget\" data-widget_type=\"text-editor.default\">\n\t\t\t\t<div class=\"elementor-widget-container\">\n\t\t\t\t\t\t\t\t\t<p>Vi har til gjengjeld dedikert et betraktelig st\u00f8rre omr\u00e5de t til alt tenkelig kondisjons-, apparat-,\u00a0styrke\u00a0og funksjonelt treningsutstyr av ypperste kvalitet.<\/p>\t\t\t\t\t\t\t\t<\/div>\n\t\t\t\t<\/div>\n\t\t\t\t\t<\/div>\n\t\t<\/div>\n\t\t\t\t<div class=\"elementor-column elementor-col-50 elementor-top-column elementor-element elementor-element-27c28e08\" data-id=\"27c28e08\" data-element_type=\"column\" data-e-type=\"column\">\n\t\t\t<div class=\"elementor-widget-wrap elementor-element-populated\">\n\t\t\t\t\t\t<div class=\"elementor-element elementor-element-5865d454 elementor-widget elementor-widget-image\" data-id=\"5865d454\" data-element_type=\"widget\" data-e-type=\"widget\" data-widget_type=\"image.default\">\n\t\t\t\t<div class=\"elementor-widget-container\">\n\t\t\t\t\t\t\t\t\t\t\t\t\t\t\t<img decoding=\"async\" width=\"1024\" height=\"682\" src=\"https:\/\/energi-trening.no\/laksevag\/wp-content\/uploads\/sites\/4\/2023\/01\/velkommen_til_energi_trening_laksevaag-1024x682-1.jpg\" class=\"attachment-full size-full wp-image-570\" alt=\"\" srcset=\"https:\/\/energi-trening.no\/laksevag\/wp-content\/uploads\/sites\/4\/2023\/01\/velkommen_til_energi_trening_laksevaag-1024x682-1.jpg 1024w, https:\/\/energi-trening.no\/laksevag\/wp-content\/uploads\/sites\/4\/2023\/01\/velkommen_til_energi_trening_laksevaag-1024x682-1-300x200.jpg 300w, https:\/\/energi-trening.no\/laksevag\/wp-content\/uploads\/sites\/4\/2023\/01\/velkommen_til_energi_trening_laksevaag-1024x682-1-768x512.jpg 768w\" sizes=\"(max-width: 1024px) 100vw, 1024px\" \/>\t\t\t\t\t\t\t\t\t\t\t\t\t\t\t<\/div>\n\t\t\t\t<\/div>\n\t\t\t\t\t<\/div>\n\t\t<\/div>\n\t\t\t\t\t<\/div>\n\t\t<\/section>\n\t\t\t\t<\/div>\n\t\t","protected":false},"excerpt":{"rendered":"<p>Om oss Du finner oss lett tilgjengelig i underetasjen p\u00e5 Laksev\u00e5g Senter. Du kan benytte hele senterets parkering, og det er rikelig med gratis parkeringsplasser under tak. \u00d8nsker du \u00e5 benytte andre\u00a0tjenester p\u00e5 Laksev\u00e5g\u00a0Senter beh\u00f8ver du ikke \u00e5 flytte bilen. Bla nedover Andre senteret i kjeden I mars 2012 \u00e5penet vi d\u00f8rene p\u00e5 Laksev\u00e5g. Med [&hellip;]<\/p>\n","protected":false},"author":2,"featured_media":621,"parent":0,"menu_order":0,"comment_status":"closed","ping_status":"closed","template":"elementor_header_footer","meta":{"footnotes":""},"class_list":["post-480","page","type-page","status-publish","has-post-thumbnail","hentry"],"yoast_head":"<!-- This site is optimized with the Yoast SEO plugin v27.4 - https:\/\/yoast.com\/product\/yoast-seo-wordpress\/ -->\n<title>Om oss | Energi Trening | Laksev\u00e5g<\/title>\n<meta name=\"description\" content=\"Du finner oss lett tilgjengelig i underetasjen p\u00e5 Laksev\u00e5g Senter. Velommen til Energi Trening Laksev\u00e5g!\" \/>\n<meta name=\"robots\" content=\"index, follow, max-snippet:-1, max-image-preview:large, max-video-preview:-1\" \/>\n<link rel=\"canonical\" href=\"https:\/\/energi-trening.no\/laksevag\/om-oss\/\" \/>\n<meta property=\"og:locale\" content=\"nb_NO\" \/>\n<meta property=\"og:type\" content=\"article\" \/>\n<meta property=\"og:title\" content=\"Om oss | Energi Trening | Laksev\u00e5g\" \/>\n<meta property=\"og:description\" content=\"Du finner oss lett tilgjengelig i underetasjen p\u00e5 Laksev\u00e5g Senter. Velommen til Energi Trening Laksev\u00e5g!\" \/>\n<meta property=\"og:url\" content=\"https:\/\/energi-trening.no\/laksevag\/om-oss\/\" \/>\n<meta property=\"og:site_name\" content=\"Energi Trening | Laksev\u00e5g\" \/>\n<meta property=\"article:modified_time\" content=\"2023-01-16T21:59:48+00:00\" \/>\n<meta property=\"og:image\" content=\"https:\/\/energi-trening.no\/laksevag\/wp-content\/uploads\/sites\/4\/2023\/01\/Bilde-08.02.2022-12-39-27.jpg\" \/>\n\t<meta property=\"og:image:width\" content=\"1170\" \/>\n\t<meta property=\"og:image:height\" content=\"1425\" \/>\n\t<meta property=\"og:image:type\" content=\"image\/jpeg\" \/>\n<meta name=\"twitter:card\" content=\"summary_large_image\" \/>\n<meta name=\"twitter:label1\" content=\"Ansl. lesetid\" \/>\n\t<meta name=\"twitter:data1\" content=\"2 minutter\" \/>\n<script type=\"application\/ld+json\" class=\"yoast-schema-graph\">{\"@context\":\"https:\\\/\\\/schema.org\",\"@graph\":[{\"@type\":\"WebPage\",\"@id\":\"https:\\\/\\\/energi-trening.no\\\/laksevag\\\/om-oss\\\/\",\"url\":\"https:\\\/\\\/energi-trening.no\\\/laksevag\\\/om-oss\\\/\",\"name\":\"Om oss | Energi Trening | Laksev\u00e5g\",\"isPartOf\":{\"@id\":\"https:\\\/\\\/energi-trening.no\\\/laksevag\\\/#website\"},\"primaryImageOfPage\":{\"@id\":\"https:\\\/\\\/energi-trening.no\\\/laksevag\\\/om-oss\\\/#primaryimage\"},\"image\":{\"@id\":\"https:\\\/\\\/energi-trening.no\\\/laksevag\\\/om-oss\\\/#primaryimage\"},\"thumbnailUrl\":\"https:\\\/\\\/energi-trening.no\\\/laksevag\\\/wp-content\\\/uploads\\\/sites\\\/4\\\/2023\\\/01\\\/Bilde-08.02.2022-12-39-27.jpg\",\"datePublished\":\"2023-01-06T14:16:36+00:00\",\"dateModified\":\"2023-01-16T21:59:48+00:00\",\"description\":\"Du finner oss lett tilgjengelig i underetasjen p\u00e5 Laksev\u00e5g Senter. Velommen til Energi Trening Laksev\u00e5g!\",\"breadcrumb\":{\"@id\":\"https:\\\/\\\/energi-trening.no\\\/laksevag\\\/om-oss\\\/#breadcrumb\"},\"inLanguage\":\"nb-NO\",\"potentialAction\":[{\"@type\":\"ReadAction\",\"target\":[\"https:\\\/\\\/energi-trening.no\\\/laksevag\\\/om-oss\\\/\"]}]},{\"@type\":\"ImageObject\",\"inLanguage\":\"nb-NO\",\"@id\":\"https:\\\/\\\/energi-trening.no\\\/laksevag\\\/om-oss\\\/#primaryimage\",\"url\":\"https:\\\/\\\/energi-trening.no\\\/laksevag\\\/wp-content\\\/uploads\\\/sites\\\/4\\\/2023\\\/01\\\/Bilde-08.02.2022-12-39-27.jpg\",\"contentUrl\":\"https:\\\/\\\/energi-trening.no\\\/laksevag\\\/wp-content\\\/uploads\\\/sites\\\/4\\\/2023\\\/01\\\/Bilde-08.02.2022-12-39-27.jpg\",\"width\":1170,\"height\":1425},{\"@type\":\"BreadcrumbList\",\"@id\":\"https:\\\/\\\/energi-trening.no\\\/laksevag\\\/om-oss\\\/#breadcrumb\",\"itemListElement\":[{\"@type\":\"ListItem\",\"position\":1,\"name\":\"Hjem\",\"item\":\"https:\\\/\\\/energi-trening.no\\\/laksevag\\\/\"},{\"@type\":\"ListItem\",\"position\":2,\"name\":\"Om oss\"}]},{\"@type\":\"WebSite\",\"@id\":\"https:\\\/\\\/energi-trening.no\\\/laksevag\\\/#website\",\"url\":\"https:\\\/\\\/energi-trening.no\\\/laksevag\\\/\",\"name\":\"Energi Trening | Laksev\u00e5g\",\"description\":\"\",\"publisher\":{\"@id\":\"https:\\\/\\\/energi-trening.no\\\/laksevag\\\/#organization\"},\"potentialAction\":[{\"@type\":\"SearchAction\",\"target\":{\"@type\":\"EntryPoint\",\"urlTemplate\":\"https:\\\/\\\/energi-trening.no\\\/laksevag\\\/?s={search_term_string}\"},\"query-input\":{\"@type\":\"PropertyValueSpecification\",\"valueRequired\":true,\"valueName\":\"search_term_string\"}}],\"inLanguage\":\"nb-NO\"},{\"@type\":\"Organization\",\"@id\":\"https:\\\/\\\/energi-trening.no\\\/laksevag\\\/#organization\",\"name\":\"Energi Trening | Laksev\u00e5g\",\"url\":\"https:\\\/\\\/energi-trening.no\\\/laksevag\\\/\",\"logo\":{\"@type\":\"ImageObject\",\"inLanguage\":\"nb-NO\",\"@id\":\"https:\\\/\\\/energi-trening.no\\\/laksevag\\\/#\\\/schema\\\/logo\\\/image\\\/\",\"url\":\"https:\\\/\\\/energi-trening.no\\\/laksevag\\\/wp-content\\\/uploads\\\/sites\\\/4\\\/2022\\\/11\\\/logo-1.svg\",\"contentUrl\":\"https:\\\/\\\/energi-trening.no\\\/laksevag\\\/wp-content\\\/uploads\\\/sites\\\/4\\\/2022\\\/11\\\/logo-1.svg\",\"width\":190,\"height\":58,\"caption\":\"Energi Trening | Laksev\u00e5g\"},\"image\":{\"@id\":\"https:\\\/\\\/energi-trening.no\\\/laksevag\\\/#\\\/schema\\\/logo\\\/image\\\/\"}}]}<\/script>\n<!-- \/ Yoast SEO plugin. -->","yoast_head_json":{"title":"Om oss | Energi Trening | Laksev\u00e5g","description":"Du finner oss lett tilgjengelig i underetasjen p\u00e5 Laksev\u00e5g Senter. Velommen til Energi Trening Laksev\u00e5g!","robots":{"index":"index","follow":"follow","max-snippet":"max-snippet:-1","max-image-preview":"max-image-preview:large","max-video-preview":"max-video-preview:-1"},"canonical":"https:\/\/energi-trening.no\/laksevag\/om-oss\/","og_locale":"nb_NO","og_type":"article","og_title":"Om oss | Energi Trening | Laksev\u00e5g","og_description":"Du finner oss lett tilgjengelig i underetasjen p\u00e5 Laksev\u00e5g Senter. Velommen til Energi Trening Laksev\u00e5g!","og_url":"https:\/\/energi-trening.no\/laksevag\/om-oss\/","og_site_name":"Energi Trening | Laksev\u00e5g","article_modified_time":"2023-01-16T21:59:48+00:00","og_image":[{"width":1170,"height":1425,"url":"https:\/\/energi-trening.no\/laksevag\/wp-content\/uploads\/sites\/4\/2023\/01\/Bilde-08.02.2022-12-39-27.jpg","type":"image\/jpeg"}],"twitter_card":"summary_large_image","twitter_misc":{"Ansl. lesetid":"2 minutter"},"schema":{"@context":"https:\/\/schema.org","@graph":[{"@type":"WebPage","@id":"https:\/\/energi-trening.no\/laksevag\/om-oss\/","url":"https:\/\/energi-trening.no\/laksevag\/om-oss\/","name":"Om oss | Energi Trening | Laksev\u00e5g","isPartOf":{"@id":"https:\/\/energi-trening.no\/laksevag\/#website"},"primaryImageOfPage":{"@id":"https:\/\/energi-trening.no\/laksevag\/om-oss\/#primaryimage"},"image":{"@id":"https:\/\/energi-trening.no\/laksevag\/om-oss\/#primaryimage"},"thumbnailUrl":"https:\/\/energi-trening.no\/laksevag\/wp-content\/uploads\/sites\/4\/2023\/01\/Bilde-08.02.2022-12-39-27.jpg","datePublished":"2023-01-06T14:16:36+00:00","dateModified":"2023-01-16T21:59:48+00:00","description":"Du finner oss lett tilgjengelig i underetasjen p\u00e5 Laksev\u00e5g Senter. Velommen til Energi Trening Laksev\u00e5g!","breadcrumb":{"@id":"https:\/\/energi-trening.no\/laksevag\/om-oss\/#breadcrumb"},"inLanguage":"nb-NO","potentialAction":[{"@type":"ReadAction","target":["https:\/\/energi-trening.no\/laksevag\/om-oss\/"]}]},{"@type":"ImageObject","inLanguage":"nb-NO","@id":"https:\/\/energi-trening.no\/laksevag\/om-oss\/#primaryimage","url":"https:\/\/energi-trening.no\/laksevag\/wp-content\/uploads\/sites\/4\/2023\/01\/Bilde-08.02.2022-12-39-27.jpg","contentUrl":"https:\/\/energi-trening.no\/laksevag\/wp-content\/uploads\/sites\/4\/2023\/01\/Bilde-08.02.2022-12-39-27.jpg","width":1170,"height":1425},{"@type":"BreadcrumbList","@id":"https:\/\/energi-trening.no\/laksevag\/om-oss\/#breadcrumb","itemListElement":[{"@type":"ListItem","position":1,"name":"Hjem","item":"https:\/\/energi-trening.no\/laksevag\/"},{"@type":"ListItem","position":2,"name":"Om oss"}]},{"@type":"WebSite","@id":"https:\/\/energi-trening.no\/laksevag\/#website","url":"https:\/\/energi-trening.no\/laksevag\/","name":"Energi Trening | Laksev\u00e5g","description":"","publisher":{"@id":"https:\/\/energi-trening.no\/laksevag\/#organization"},"potentialAction":[{"@type":"SearchAction","target":{"@type":"EntryPoint","urlTemplate":"https:\/\/energi-trening.no\/laksevag\/?s={search_term_string}"},"query-input":{"@type":"PropertyValueSpecification","valueRequired":true,"valueName":"search_term_string"}}],"inLanguage":"nb-NO"},{"@type":"Organization","@id":"https:\/\/energi-trening.no\/laksevag\/#organization","name":"Energi Trening | Laksev\u00e5g","url":"https:\/\/energi-trening.no\/laksevag\/","logo":{"@type":"ImageObject","inLanguage":"nb-NO","@id":"https:\/\/energi-trening.no\/laksevag\/#\/schema\/logo\/image\/","url":"https:\/\/energi-trening.no\/laksevag\/wp-content\/uploads\/sites\/4\/2022\/11\/logo-1.svg","contentUrl":"https:\/\/energi-trening.no\/laksevag\/wp-content\/uploads\/sites\/4\/2022\/11\/logo-1.svg","width":190,"height":58,"caption":"Energi Trening | Laksev\u00e5g"},"image":{"@id":"https:\/\/energi-trening.no\/laksevag\/#\/schema\/logo\/image\/"}}]}},"_links":{"self":[{"href":"https:\/\/energi-trening.no\/laksevag\/wp-json\/wp\/v2\/pages\/480","targetHints":{"allow":["GET"]}}],"collection":[{"href":"https:\/\/energi-trening.no\/laksevag\/wp-json\/wp\/v2\/pages"}],"about":[{"href":"https:\/\/energi-trening.no\/laksevag\/wp-json\/wp\/v2\/types\/page"}],"author":[{"embeddable":true,"href":"https:\/\/energi-trening.no\/laksevag\/wp-json\/wp\/v2\/users\/2"}],"replies":[{"embeddable":true,"href":"https:\/\/energi-trening.no\/laksevag\/wp-json\/wp\/v2\/comments?post=480"}],"version-history":[{"count":24,"href":"https:\/\/energi-trening.no\/laksevag\/wp-json\/wp\/v2\/pages\/480\/revisions"}],"predecessor-version":[{"id":725,"href":"https:\/\/energi-trening.no\/laksevag\/wp-json\/wp\/v2\/pages\/480\/revisions\/725"}],"wp:featuredmedia":[{"embeddable":true,"href":"https:\/\/energi-trening.no\/laksevag\/wp-json\/wp\/v2\/media\/621"}],"wp:attachment":[{"href":"https:\/\/energi-trening.no\/laksevag\/wp-json\/wp\/v2\/media?parent=480"}],"curies":[{"name":"wp","href":"https:\/\/api.w.org\/{rel}","templated":true}]}}